e?
True
Let n(s) = 14*s**2 + 3*s + 11. Is n(-6) a composite number?
True
Let a = 3 + -3. Suppose -3*w = -a*w - 363. Is w prime?
False
Let f(l) = 12*l**2 - 11*l - 8. Is f(9) a prime number?
False
Suppose 5*r - 412 = -42. Suppose -v - v = -r. Is v a prime number?
True
Let s be 2 + (-1 + 1)/(-1). Suppose -g + s*g = -4*h + 768, -4*g = -4*h + 748. Is h composite?
False
Suppose -3*w = -w - 382. Is w a composite number?
False
Is (374/(-1 + 0))/(-2) a composite number?
True
Let a(y) = y - 1. Let g be a(1). Suppose 2*c + 2*c = 20. Suppose -3*z - 18 = -2*f, f + g*f + 2*z + c = 0. Is f prime?
True
Let y(r) = -11*r + 25. Is y(-6) prime?
False
Is (0 + -1)/(-2*2/824) prime?
False
Suppose -2*q = -5*q. Suppose -t + 3*d = t - 286, q = 5*t - 4*d - 729. Is t a prime number?
True
Let b = -11 + 5. Let p be b/10 + (-3)/(-5). Suppose -i - 3*i + 28 = 3*u, 2*u + 8 = p. Is i prime?
False
Let o = -31 + 52. Let v = 42 - o. Is v a prime number?
False
Suppose -102 = -3*z - 0*z. Suppose -13 = -b - z. Let k = 68 + b. Is k composite?
False
Is 257/((-9)/(-11) - 4/(-22)) a composite number?
False
Suppose -3*b = -564 - 2295. Is b prime?
True
Let p(a) = -a**2 + 4*a. Let b be p(3). Let f = 131 - 131. Suppose f = 3*v - 18 + b, 0 = 2*d + 4*v - 50. Is d prime?
False
Suppose s = -3*o + 8220 - 913, -5*o = -4*s - 12201. Is o prime?
True
Let s(x) be the first derivative of -x**2 + 4*x - 2. Let a be s(-3). Suppose l = a + 33. Is l a prime number?
True
Let m(r) = 100*r - 3. Is m(5) a composite number?
True
Let p(u) = 99*u**2 - 6*u + 5. Is p(-3) a prime number?
False
Let j = -75 - -482. Is j prime?
False
Is ((-3604)/(-16) + -2)*4 composite?
True
Suppose 15*r + 0*r = 9525. Is r a prime number?
False
Suppose 2*u + 168 = -2*t + 4*u, 435 = -5*t + 2*u. Let k = t + 172. Is k prime?
True
Let c = 15 - 8. Let u(d) = -7 + 4*d - d**3 + 2*d + 2*d + 7*d**2. Is u(c) a composite number?
True
Let j(i) = -4*i + 2*i + 1 + 2*i + 2*i**2. Is j(-3) prime?
True
Suppose 0 = 17*h - 13*h - 276. Is h composite?
True
Suppose f - 2*f = -4*f. Let x = 4 - 1. Suppose 0*n - x*n + 42 = f. Is n composite?
True
Suppose 2454 = -t + 7*t. Is t composite?
False
Let u = -82 + -72. Suppose -6*c + c = -5. Is c/(2/u*-1) a prime number?
False
Let w(f) = -f**3 - 11*f**2 - 12*f + 1. Let o be w(-13). Suppose 3*n - 906 = o. Is n composite?
False
Let b = 95 + -58. Is b prime?
True
Let g be 45/5*2/6. Suppose 2*v - 57 - 191 = 3*x, 2*v = -g*x + 260. Is v prime?
True
Suppose -4*u = 5*x - 32, 5*u - 4*x = -1 - 0. Suppose -4*j = -3*c + 2, 2*c = u*j + j. Suppose 3*n - 75 = -w, -100 = -4*n + w - c*w. Is n composite?
True
Suppose -17 - 27 = -2*r. Suppose -z + 6 = z - 2*q, 5*z - r = -2*q. Suppose 6 = c + c, c + 97 = z*m. Is m a prime number?
False
Suppose -4*i + 713 - 205 = 0. Let c = -8 + i. Is c a prime number?
False
Let c(f) = f - 2. Let g be c(-8). Is (-1058)/(-18) - g/45 composite?
False
Let l(s) = s**3 - 6*s**2 - 6*s - 5. Suppose -b = -5*u + 37, 3*b = -u + 2 - 1. Let t be l(u). Suppose 5*r - m - 185 = t*m, 0 = -m. Is r a composite number?
False
Let q be 346/4 + (-5)/10. Let b = 177 - q. Is b a prime number?
False
Let g(o) = -o**2 - 4*o - 3. Suppose 5*h - n = n, -3 = 4*h - n. Let a be g(h). Is a/(((-3)/(-117))/1) a prime number?
False
Let n(a) = 3*a + 3. Let r be n(-1). Suppose 2*j + r*j = 92. Is j a prime number?
False
Let n(t) = 35*t**2 + 2*t + 2. Let j(b) = -2*b + 2. Let c be j(3). Is n(c) prime?
False
Let h be ((-3790)/25)/(2/10). Is 18/12 - h/4 composite?
False
Let s(v) = v**3 - v**2 + v - 1. Let p(g) = 3*g**3 + 6*g**2 - 8*g - 5. Let l(x) = p(x) - 2*s(x). Let c be l(-7). Let q = c - 1. Is q prime?
False
Let l(q) = -q**2 + 3*q + 307. Is l(0) a prime number?
True
Let k = -53 + 76. Is k a prime number?
True
Let a be 12/2*(-4)/(-12). Suppose -a*k + 2*l = -3*l - 127, -3*k + 2*l = -163. Is k a prime number?
False
Let l = -217 + 155. Let k = l + 97. Is k composite?
True
Is 2/1 - (7 + -15) prime?
False
Let j(v) = 85*v**2 + 95*v**2 + 95*v**2. Let l be j(-1). Suppose 4*s - l = -s. Is s a composite number?
True
Let h be 0 + -3 + 2 + 13. Suppose 0*u = -2*u - h. Is (-82)/(-26) + u/39 prime?
True
Let w be (-1)/((-8)/(-12) - 1). Let z(p) = 2*p**2 - 3*p + 1. Is z(w) a composite number?
True
Let i = 6 - 6. Is 4 + i + 2 + 0 a composite number?
True
Let u = -17 + 3. Is (u/(-8))/(1/284) composite?
True
Is 1*2246 - (7 - (-2 - -8)) a composite number?
True
Suppose 4*s + 489 = -1551. Is s/4*(-14)/21 composite?
True
Let k = 6 - 52. Let o be (-26)/((-68)/20 - -3). Let p = o + k. Is p a prime number?
True
Let c(g) = -8*g**3 - 6*g**2 + 24*g + 3. Is c(-7) a composite number?
True
Let k(d) = 107*d**2 - d - 1. Let z be k(-1). Suppose z = o - 104. Is o composite?
False
Suppose -1224 - 188 = -4*q. Is q a composite number?
False
Let g(s) = -182*s + 11. Is g(-4) a composite number?
False
Let s(q) be the third derivative of 5/24*q**4 + 0 - 1/6*q**3 - q**2 + 0*q. Is s(3) composite?
True
Let s(h) = -150*h**3 - h**2 - h - 1. Is s(-1) composite?
False
Let o = 2 - 2. Suppose 3*g = -o*g - 4*k - 8, 2*k = -g - 4. Let q(j) = j**3 + j**2 + j + 13. Is q(g) composite?
False
Let z(i) = 2*i**3 - 9*i**2 + 1. Let g = 1 - -5. Let c be z(g). Let s = c - 20. Is s prime?
True
Let i(m) = 2*m - 2. Let s be i(2). Suppose -y + 7 = o, -s*y + 3*o = 2*o + 1. Suppose -5*b + 785 = -y*v, 5*b - 2*b - 471 = 5*v. Is b a prime number?
True
Suppose v = o + 263, -v - 791 = -4*v + 2*o. Is v prime?
False
Suppose -695 - 91 = -2*x. Is x a prime number?
False
Let t(i) = -2*i**2 - 2*i - 1. Let f(a) = -6*a**2 - 6*a - 3. Let q(w) = -6*f(w) + 17*t(w). Is q(-8) a prime number?
True
Suppose 3*z + q - 4 = -q, 2*q + 2 = 0. Let n(o) = o + 10. Let y be n(-6). Suppose z*x - y*m = 182, 2*x = -2*m + m + 162. Is x a composite number?
False
Suppose 2*c - 894 + 170 = 0. Is c prime?
False
Suppose 0 = 5*y - 149 - 311. Let f = 162 - y. Suppose -329 = -3*n + 2*x + f, -4*n - 5*x = -532. Is n composite?
True
Let t be (-2)/7 - 16/(-7). Suppose 4 = j, 3*n + 2*j + 302 = -t*n. Let b = -31 - n. Is b composite?
False
Let k(q) = 14*q + 1. Suppose 0*j = -j + 9. Is k(j) a prime number?
True
Let w(i) = i**2 + i - 9. Let k be w(4). Let z = 26 + k. Is z a prime number?
True
Let y be 12/(-54) + (-6023)/(-9). Suppose 4*m - y = m. Is m a prime number?
True
Let c be 2/11 + 524/22. Suppose 3*u - 21 = c. Is u composite?
True
Let f(j) = j**3 - 4*j**2 - 5*j + 2. Let l be f(5). Let z(h) = 2*h**2 - 4*h**2 + 1 + h**3 - l*h - h. Is z(4) a prime number?
False
Let b = 16 - 10. Suppose -b*p + 5*p = -94. Is p a prime number?
False
Let a = -1 - -1. Suppose a*d = -d + 69. Is d composite?
True
Let o = -26 - -105. Is o a prime number?
True
Is (-5499)/6*(-14)/21 a prime number?
False
Is ((-77)/(-11))/(2/22) prime?
False
Let o(b) = b**2 + 6*b - 2. Is o(-13) a composite number?
False
Let y(l) = -11*l**2 + 2*l + 1. Let m be y(5). Let h = m + 601. Suppose 0 = -2*q + 5*s + 228, -3*q = -2*s - 3*s - h. Is q prime?
True
Let v be -3*(0 + -2)/2. Suppose v*t - 141 = 432. Is t composite?
False
Suppose -6*m + 5322 = -0*m. Is m prime?
True
Let o = 202 + -53. Is o composite?
False
Let n = 4445 - 2794. Is n prime?
False
Is ((-5)/(30/(-452)))/(22/99) composite?
True
Suppose -4*o = 2 - 6, 1832 = 3*k - o. Is k prime?
False
Let g(a) = -a**2. Let u(j) = -j**3 - 12*j**2 + 8*j + 7. Let m(n) = -3*g(n) - u(n). Is m(-8) a composite number?
True
Suppose 5*i - 4*i = b - 11, b = 3*i + 15. Suppose -1 = -2*d + b. Suppose -d*r + 120 + 123 = 3*y, -5*r = -y - 259. Is r a composite number?
True
Let c(x) = 46*x**2 + 3*x - 2. Let m be c(-3). Let d = m + 212. Suppose -3*v = -8*v + d. Is v a composite number?
True
Let d be -6*(1 - 7)/3. Is 447/d - (-3)/(-12) prime?
True
Let b = 157 + -52. Let s = 8 + -6. Suppose -s*l + b = l. Is l a composite number?
True
Let d(m) = -200*m + 13. Is d(-6) prime?
True
Let q(a) = 2*a**2 - 9*a + 8. Is q(6) prime?
False
Suppose -4*p + 19 = -5*c - 1, 3*c - 5*p = 1. Let h = c + 23. Is h prime?
False
Suppose 321 = 5*n - 2*n. Let o = n - 30. Is o a prime number?
False
Suppose 0 = -u + 3*j + 142, -5*u + 2*j = -3*j - 660. Is u composite?
False
Let k be (-103)/(-2) + (-2)/(-4). Suppose 5*s = 2*j - 330, s - 139 = -j - 3*s. Let f = j - k. Is f prime?
True
Suppose -2*d + 303 - 45 = 0. Let f = d + -82. Is f a prime number?
True
Let b(p) = p. Suppose 5*a - 3*t = 2*a + 21, 5*t - 7 = -a.